{"id":11,"date":"2023-10-02T18:16:53","date_gmt":"2023-10-02T16:16:53","guid":{"rendered":"https:\/\/metspains.fr\/?page_id=11"},"modified":"2024-03-26T16:29:28","modified_gmt":"2024-03-26T15:29:28","slug":"histoire","status":"publish","type":"page","link":"https:\/\/metspains.fr\/?page_id=11","title":{"rendered":"Le Food Truck"},"content":{"rendered":"<p>[et_pb_section fb_built=&#8221;1&#8243; admin_label=&#8221;section&#8221; _builder_version=&#8221;4.16&#8243; global_colors_info=&#8221;{}&#8221;][et_pb_row admin_label=&#8221;row&#8221; _builder_version=&#8221;4.22.2&#8243; background_size=&#8221;initial&#8221; background_position=&#8221;top_left&#8221; background_repeat=&#8221;repeat&#8221; global_colors_info=&#8221;{}&#8221;][et_pb_column type=&#8221;4_4&#8243; _builder_version=&#8221;4.16&#8243; custom_padding=&#8221;|||&#8221; global_colors_info=&#8221;{}&#8221; custom_padding__hover=&#8221;|||&#8221;][et_pb_text admin_label=&#8221;Text&#8221; _builder_version=&#8221;4.22.2&#8243; background_size=&#8221;initial&#8221; background_position=&#8221;top_left&#8221; background_repeat=&#8221;repeat&#8221; global_colors_info=&#8221;{}&#8221;]<\/p>\n<p><!-- divi:paragraph -->&#8220;Mets et Pains c&#8217;est une cuisine itin\u00e9rante, une rencontre de deux passionn\u00e9s qui partagent leur amour de la boulangerie et de la cuisine. Pour nous, respecter les saisons, les circuits courts, et le fait maison est indispensable.&#8221;<\/p>\n<p>&#8220;Mets et Pains c&#8217;est un camion itin\u00e9rant, vous y trouverez des tartes, quiches, foccacia, sandwich cr\u00e9atif, dessert gourmand, boissons faites maisons et plus encore le tout de saison, en circuit court, dans l&#8217;id\u00e9e de la graine \u00e0 l&#8217;assiette. Pour nous c&#8217;est une cuisine de saveurs mais c&#8217;est aussi la cuisine de nos p\u00e2tes vivantes aux levains. L&#8217;Accord entre le Pain et la Gastronomie, la pelle et le couteau&#8221;<\/p>\n<p><!-- \/divi:paragraph --><\/p>\n<p>[\/et_pb_text][\/et_pb_column][\/et_pb_row][\/et_pb_section]<\/p>\n","protected":false},"excerpt":{"rendered":"<p>&#8220;Mets et Pains c&#8217;est une cuisine itin\u00e9rante, une rencontre de deux passionn\u00e9s qui partagent leur amour de la boulangerie et de la cuisine. Pour nous, respecter les saisons, les circuits courts, et le fait maison est indispensable.&#8221; &#8220;Mets et Pains c&#8217;est un camion itin\u00e9rant, vous y trouverez des tartes, quiches, foccacia, sandwich cr\u00e9atif, dessert gourmand, [&hellip;]<\/p>\n","protected":false},"author":1,"featured_media":0,"parent":0,"menu_order":0,"comment_status":"closed","ping_status":"closed","template":"","meta":{"_et_pb_use_builder":"on","_et_pb_old_content":"<!-- wp:paragraph -->\n<p>\"Mets et Pains c'est une cuisine itin\u00e9rante, une rencontre de deux passionn\u00e9s qui partage leur amour de la boulangerie et de la cuisine. Pour nous, respecter les saisons, les circuits cours, et le fait maison est indispensable. \"Mets et Pains c'est un camion itin\u00e9rant, vous y trouverez des tartes, quiches, foccacia, sandwich cr\u00e9atif, dessert gourmands, boissons faites maisons et plus encore le tout de saison, en circuit court, dans l'id\u00e9e de la graine \u00e0 l'assiette. Pour nous c'est une cuisine de saveurs mais c'est aussi la cuisine de nos p\u00e2tes vivantes aux levains. L'Accord entre le Pain et la Gastronomie, la pelle et le couteau\"<\/p>\n<!-- \/wp:paragraph -->","_et_gb_content_width":"1080","om_disable_all_campaigns":false,"_monsterinsights_skip_tracking":false,"_monsterinsights_sitenote_active":false,"_monsterinsights_sitenote_note":"","_monsterinsights_sitenote_category":0,"footnotes":""},"class_list":["post-11","page","type-page","status-publish","hentry"],"yoast_head":"<!-- This site is optimized with the Yoast SEO plugin v26.4 - https:\/\/yoast.com\/wordpress\/plugins\/seo\/ -->\n<title>Le Food Truck<\/title>\n<meta name=\"description\" content=\"Mets et Pains c\u2019est une cuisine itin\u00e9rante, une rencontre de deux passionn\u00e9s qui partage leur amour de la boulangerie et de la cuisine. Pour nous, respecter les saisons, les circuits cours, et le fait maison est indispensable\" \/>\n<meta name=\"robots\" content=\"index, follow, max-snippet:-1, max-image-preview:large, max-video-preview:-1\" \/>\n<link rel=\"canonical\" href=\"https:\/\/metspains.fr\/?page_id=11\" \/>\n<meta property=\"og:locale\" content=\"en_US\" \/>\n<meta property=\"og:type\" content=\"article\" \/>\n<meta property=\"og:title\" content=\"Le Food Truck\" \/>\n<meta property=\"og:description\" content=\"Mets et Pains c\u2019est une cuisine itin\u00e9rante, une rencontre de deux passionn\u00e9s qui partage leur amour de la boulangerie et de la cuisine. Pour nous, respecter les saisons, les circuits cours, et le fait maison est indispensable\" \/>\n<meta property=\"og:url\" content=\"https:\/\/metspains.fr\/?page_id=11\" \/>\n<meta property=\"og:site_name\" content=\"metspains.fr\" \/>\n<meta property=\"article:publisher\" content=\"https:\/\/www.facebook.com\/profile.php?id=100087102165471\" \/>\n<meta property=\"article:modified_time\" content=\"2024-03-26T15:29:28+00:00\" \/>\n<meta name=\"twitter:card\" content=\"summary_large_image\" \/>\n<meta name=\"twitter:label1\" content=\"Est. reading time\" \/>\n\t<meta name=\"twitter:data1\" content=\"1 minute\" \/>\n<script type=\"application\/ld+json\" class=\"yoast-schema-graph\">{\"@context\":\"https:\/\/schema.org\",\"@graph\":[{\"@type\":\"WebPage\",\"@id\":\"https:\/\/metspains.fr\/?page_id=11\",\"url\":\"https:\/\/metspains.fr\/?page_id=11\",\"name\":\"Le Food Truck\",\"isPartOf\":{\"@id\":\"https:\/\/metspains.fr\/#website\"},\"datePublished\":\"2023-10-02T16:16:53+00:00\",\"dateModified\":\"2024-03-26T15:29:28+00:00\",\"description\":\"Mets et Pains c\u2019est une cuisine itin\u00e9rante, une rencontre de deux passionn\u00e9s qui partage leur amour de la boulangerie et de la cuisine. Pour nous, respecter les saisons, les circuits cours, et le fait maison est indispensable\",\"breadcrumb\":{\"@id\":\"https:\/\/metspains.fr\/?page_id=11#breadcrumb\"},\"inLanguage\":\"en-US\",\"potentialAction\":[{\"@type\":\"ReadAction\",\"target\":[\"https:\/\/metspains.fr\/?page_id=11\"]}]},{\"@type\":\"BreadcrumbList\",\"@id\":\"https:\/\/metspains.fr\/?page_id=11#breadcrumb\",\"itemListElement\":[{\"@type\":\"ListItem\",\"position\":1,\"name\":\"Accueil\",\"item\":\"https:\/\/metspains.fr\/\"},{\"@type\":\"ListItem\",\"position\":2,\"name\":\"Le Food Truck\"}]},{\"@type\":\"WebSite\",\"@id\":\"https:\/\/metspains.fr\/#website\",\"url\":\"https:\/\/metspains.fr\/\",\"name\":\"metspains.fr\",\"description\":\"\",\"publisher\":{\"@id\":\"https:\/\/metspains.fr\/#organization\"},\"potentialAction\":[{\"@type\":\"SearchAction\",\"target\":{\"@type\":\"EntryPoint\",\"urlTemplate\":\"https:\/\/metspains.fr\/?s={search_term_string}\"},\"query-input\":{\"@type\":\"PropertyValueSpecification\",\"valueRequired\":true,\"valueName\":\"search_term_string\"}}],\"inLanguage\":\"en-US\"},{\"@type\":\"Organization\",\"@id\":\"https:\/\/metspains.fr\/#organization\",\"name\":\"metspains.fr\",\"url\":\"https:\/\/metspains.fr\/\",\"logo\":{\"@type\":\"ImageObject\",\"inLanguage\":\"en-US\",\"@id\":\"https:\/\/metspains.fr\/#\/schema\/logo\/image\/\",\"url\":\"https:\/\/metspains.fr\/wp-content\/uploads\/2023\/10\/mets-et-pains.png\",\"contentUrl\":\"https:\/\/metspains.fr\/wp-content\/uploads\/2023\/10\/mets-et-pains.png\",\"width\":228,\"height\":226,\"caption\":\"metspains.fr\"},\"image\":{\"@id\":\"https:\/\/metspains.fr\/#\/schema\/logo\/image\/\"},\"sameAs\":[\"https:\/\/www.facebook.com\/profile.php?id=100087102165471\",\"https:\/\/www.instagram.com\/mets.pains\/\"]}]}<\/script>\n<!-- \/ Yoast SEO plugin. -->","yoast_head_json":{"title":"Le Food Truck","description":"Mets et Pains c\u2019est une cuisine itin\u00e9rante, une rencontre de deux passionn\u00e9s qui partage leur amour de la boulangerie et de la cuisine. Pour nous, respecter les saisons, les circuits cours, et le fait maison est indispensable","robots":{"index":"index","follow":"follow","max-snippet":"max-snippet:-1","max-image-preview":"max-image-preview:large","max-video-preview":"max-video-preview:-1"},"canonical":"https:\/\/metspains.fr\/?page_id=11","og_locale":"en_US","og_type":"article","og_title":"Le Food Truck","og_description":"Mets et Pains c\u2019est une cuisine itin\u00e9rante, une rencontre de deux passionn\u00e9s qui partage leur amour de la boulangerie et de la cuisine. Pour nous, respecter les saisons, les circuits cours, et le fait maison est indispensable","og_url":"https:\/\/metspains.fr\/?page_id=11","og_site_name":"metspains.fr","article_publisher":"https:\/\/www.facebook.com\/profile.php?id=100087102165471","article_modified_time":"2024-03-26T15:29:28+00:00","twitter_card":"summary_large_image","twitter_misc":{"Est. reading time":"1 minute"},"schema":{"@context":"https:\/\/schema.org","@graph":[{"@type":"WebPage","@id":"https:\/\/metspains.fr\/?page_id=11","url":"https:\/\/metspains.fr\/?page_id=11","name":"Le Food Truck","isPartOf":{"@id":"https:\/\/metspains.fr\/#website"},"datePublished":"2023-10-02T16:16:53+00:00","dateModified":"2024-03-26T15:29:28+00:00","description":"Mets et Pains c\u2019est une cuisine itin\u00e9rante, une rencontre de deux passionn\u00e9s qui partage leur amour de la boulangerie et de la cuisine. Pour nous, respecter les saisons, les circuits cours, et le fait maison est indispensable","breadcrumb":{"@id":"https:\/\/metspains.fr\/?page_id=11#breadcrumb"},"inLanguage":"en-US","potentialAction":[{"@type":"ReadAction","target":["https:\/\/metspains.fr\/?page_id=11"]}]},{"@type":"BreadcrumbList","@id":"https:\/\/metspains.fr\/?page_id=11#breadcrumb","itemListElement":[{"@type":"ListItem","position":1,"name":"Accueil","item":"https:\/\/metspains.fr\/"},{"@type":"ListItem","position":2,"name":"Le Food Truck"}]},{"@type":"WebSite","@id":"https:\/\/metspains.fr\/#website","url":"https:\/\/metspains.fr\/","name":"metspains.fr","description":"","publisher":{"@id":"https:\/\/metspains.fr\/#organization"},"potentialAction":[{"@type":"SearchAction","target":{"@type":"EntryPoint","urlTemplate":"https:\/\/metspains.fr\/?s={search_term_string}"},"query-input":{"@type":"PropertyValueSpecification","valueRequired":true,"valueName":"search_term_string"}}],"inLanguage":"en-US"},{"@type":"Organization","@id":"https:\/\/metspains.fr\/#organization","name":"metspains.fr","url":"https:\/\/metspains.fr\/","logo":{"@type":"ImageObject","inLanguage":"en-US","@id":"https:\/\/metspains.fr\/#\/schema\/logo\/image\/","url":"https:\/\/metspains.fr\/wp-content\/uploads\/2023\/10\/mets-et-pains.png","contentUrl":"https:\/\/metspains.fr\/wp-content\/uploads\/2023\/10\/mets-et-pains.png","width":228,"height":226,"caption":"metspains.fr"},"image":{"@id":"https:\/\/metspains.fr\/#\/schema\/logo\/image\/"},"sameAs":["https:\/\/www.facebook.com\/profile.php?id=100087102165471","https:\/\/www.instagram.com\/mets.pains\/"]}]}},"_links":{"self":[{"href":"https:\/\/metspains.fr\/index.php?rest_route=\/wp\/v2\/pages\/11","targetHints":{"allow":["GET"]}}],"collection":[{"href":"https:\/\/metspains.fr\/index.php?rest_route=\/wp\/v2\/pages"}],"about":[{"href":"https:\/\/metspains.fr\/index.php?rest_route=\/wp\/v2\/types\/page"}],"author":[{"embeddable":true,"href":"https:\/\/metspains.fr\/index.php?rest_route=\/wp\/v2\/users\/1"}],"replies":[{"embeddable":true,"href":"https:\/\/metspains.fr\/index.php?rest_route=%2Fwp%2Fv2%2Fcomments&post=11"}],"version-history":[{"count":9,"href":"https:\/\/metspains.fr\/index.php?rest_route=\/wp\/v2\/pages\/11\/revisions"}],"predecessor-version":[{"id":946,"href":"https:\/\/metspains.fr\/index.php?rest_route=\/wp\/v2\/pages\/11\/revisions\/946"}],"wp:attachment":[{"href":"https:\/\/metspains.fr\/index.php?rest_route=%2Fwp%2Fv2%2Fmedia&parent=11"}],"curies":[{"name":"wp","href":"https:\/\/api.w.org\/{rel}","templated":true}]}}